{"id":1512,"date":"2025-07-15T17:58:05","date_gmt":"2025-07-15T17:58:05","guid":{"rendered":"http:\/\/global.local\/?page_id=1512"},"modified":"2026-03-26T09:37:28","modified_gmt":"2026-03-26T14:37:28","slug":"seguro-previsional","status":"publish","type":"page","link":"https:\/\/gs-app-sitiosweb-wordpress.azurewebsites.net\/wordpress\/seguro-previsional\/","title":{"rendered":"Seguro Previsional"},"content":{"rendered":"\t\t<div data-elementor-type=\"wp-page\" data-elementor-id=\"1512\" class=\"elementor elementor-1512\" data-elementor-post-type=\"page\">\n\t\t\t\t<div class=\"elementor-element elementor-element-cfb3c56 e-con-full e-flex e-con e-parent\" data-id=\"cfb3c56\" data-element_type=\"container\">\n\t\t\t\t<div class=\"elementor-element elementor-element-95fb80d elementor-widget elementor-widget-swiper_slider\" data-id=\"95fb80d\" data-element_type=\"widget\" data-widget_type=\"swiper_slider.default\">\n\t\t\t\t<div class=\"elementor-widget-container\">\n\t\t\t\t\t        <section class=\"customSectionSwiperHero\">\n            <div class=\"container\">\n                <div class=\"swiperHero\">\n                    <div class=\"swiper-wrapper\">\n                                            <div class=\"swiper-slide\">\n                            <img decoding=\"async\" class=\"d-lg-block d-none\" src=\"https:\/\/gssasitiosweb.blob.core.windows.net\/public\/2026\/03\/Banner-web_Previsional.webp\" alt=\"Seguro Previsional de Invalidez y Supervivencia\">\n                            <img decoding=\"async\" class=\"d-lg-none d-block\" src=\"https:\/\/gssasitiosweb.blob.core.windows.net\/public\/2026\/03\/Banner-web_Previsional-mobile.jpg\" alt=\"Seguro Previsional de Invalidez y Supervivencia\">\n                            <div class=\"customSectionSwiperHero__wrapper\">\n                                <div class=\"customSectionSwiperHero__container\">\n                                    <div class=\"customSectionSwiperHero__box\">\n                                        <h2>Seguro Previsional de Invalidez y Supervivencia<\/h2>\n                                        <p>Un respaldo pensado para brindar protecci\u00f3n frente a situaciones de invalidez y sobrevivencia, con el acompa\u00f1amiento de una compa\u00f1\u00eda especializada.<\/p>\n                                                                                <a href=\"https:\/\/www.globalseguroscolombia.com\/producto\/seguro-previsional\/\" class=\"customSectionSwiperHero__button\" >Conocer m\u00e1s<\/a>\n                                    <\/div>\n                                <\/div>\n                            <\/div>\n                        <\/div>\n                                        <\/div>\n                <\/div>\n                <div class=\"swiper-pagination-wrapper\">\n                    <div class=\"swiper-pagination\"><\/div>\n                    <div class=\"swiper-fraction\"><\/div>\n                <\/div>\n            <\/div>\n        <\/section>\n        <style>\n            .customSectionSwiperHero {\n                overflow: hidden;\n            }\n            \n            .customSectionSwiperHero .swiper-wrapper {\n                padding-bottom: 30px;\n            }\n\n            .customSectionSwiperHero .swiper-slide {\n                position: relative;\n            }\n\n            .customSectionSwiperHero .swiper-slide img {\n                position: relative;\n                width: 100%;\n                height: 100%;\n                object-fit: cover;\n            }\n\n            .customSectionSwiperHero__wrapper {\n                position: relative;\n                width: 100%;\n                height: auto;\n            }\n\n            .customSectionSwiperHero__container {\n                width: 100%;\n                margin: 0 auto;\n                padding: 0;\n            }\n\n            .customSectionSwiperHero__box {\n                width: 100%;\n                padding: 24px;\n                background-color: #fff;\n            }\n\n            .customSectionSwiperHero__box h2 {\n                color: #003278;\n                font-size: 24px;\n                font-style: normal;\n                font-weight: 700;\n                line-height: 34px;\n                letter-spacing: -1px;\n                margin: 0 0 8px 0;\n            }\n\n            .customSectionSwiperHero__box p {\n                color: #333;\n                font-size: 12px;\n                font-style: normal;\n                font-weight: 400;\n                line-height: 18px;\n                margin: 0 0 8px 0;\n            }\n\n            .customSectionSwiperHero__box a {\n                display: inline-block;\n                color: #003278;\n                font-size: 16px;\n                font-style: normal;\n                font-weight: 700;\n                line-height: 26px;\n                border-radius: 6px;\n                padding: 10px 18px;\n                letter-spacing: -0.25px;\n                background-color: #FFD300;\n            }\n\n            .d-lg-block {\n                display: none;\n            }\n\n            .d-lg-none {\n                display: block;\n            }\n\n            .customSectionSwiperHero .swiper-pagination {\n                position: relative;\n                width: auto;\n                bottom: 0;\n            }\n\n\t\t\t.customSectionSwiperHero .swiper-pagination-bullet {\n\t\t\t\twidth: 30px;\n\t\t\t\theight: 2px;\n\t\t\t\tborder-radius: 0;\n\t\t\t\tbackground-color: #003278;\n\t\t\t\topacity: .4;\n\t\t\t}\n\n\t\t\t.customSectionSwiperHero .swiper-pagination-bullet-active {\n\t\t\t\tbackground-color: #003278;\n\t\t\t\topacity: 1;\n\t\t\t}\n\n            .customSectionSwiperHero .swiper-pagination-wrapper {\n                position: relative;\n                display: flex;\n                flex-direction: row;\n                align-items: center;\n                justify-content: center;\n                gap: 20px;\n                width: 100%;\n                margin: 0 auto;\n                padding: 0 0 30px;\n                transform: translateY(0);\n                z-index: 1;\n            }\n\n\t\t\t.customSectionSwiperHero .swiper-fraction {\n                display: flex;\n                align-items: center;\n                width: 80px;\n\t\t\t\tcolor: #003278;\n\t\t\t\tfont-size: 12px;\n\t\t\t\tfont-weight: 600;\n\t\t\t}\n\n            @media (min-width: 1024px) {\n                .d-lg-block {\n                    display: block;\n                }\n                .d-lg-none {\n                    display: none;\n                }\n\n                .customSectionSwiperHero .swiper-wrapper {\n                    padding-bottom: 0;\n                }\n                \n                .customSectionSwiperHero__wrapper {\n                    position: absolute;\n                    top: 0;\n                    left: 0;\n                    height: 100%;\n                    display: flex;\n                    align-items: center;\n                }\n\n                .customSectionSwiperHero__container {\n                    max-width: 1200px;\n                    padding: 0 20px;\n                }\n\n                .customSectionSwiperHero__box {\n                    max-width: 550px;\n                    padding: 24px;\n                    background-color: #fff;\n                    border-radius: 6px;\n                    box-shadow: 0 0 10px 0 rgba(0, 0, 0, 0.1);\n                }\n\n                .customSectionSwiperHero__box h2 {\n                    font-size: 36px;\n                    line-height: 42px;\n                    margin: 0 0 16px 0;\n                }\n\n                .customSectionSwiperHero__box p {\n                    font-size: 14px;\n                    line-height: 20px;\n                    margin: 0 0 16px 0;\n                }\n\n                .customSectionSwiperHero__box a {\n                    padding: 15px 18px;\n                }\n\n                .customSectionSwiperHero .swiper-pagination-wrapper {\n                    position: absolute;\n                    bottom: 0;\n                    left: 0;\n                }\n\n\t\t\t\t.customSectionSwiperHero .swiper-pagination-bullet {\n\t\t\t\t\twidth: 70px;\n\t\t\t\t\theight: 4px;\n\t\t\t\t\tbackground-color: #fff;\n\t\t\t\t}\n\n\t\t\t\t.customSectionSwiperHero .swiper-pagination-bullet-active {\n\t\t\t\t\tbackground-color: #fff;\n\t\t\t\t}\n\n\t\t\t\t.customSectionSwiperHero .swiper-fraction {\n\t\t\t\t\tcolor: #fff;\n\t\t\t\t\tbottom: 20px;\n\t\t\t\t\tright: 30px;\n\t\t\t\t}\n            }\n        <\/style>\n        \t\t\t\t<\/div>\n\t\t\t\t<\/div>\n\t\t\t\t<\/div>\n\t\t<div class=\"elementor-element elementor-element-a29a499 e-flex e-con-boxed e-con e-parent\" data-id=\"a29a499\" data-element_type=\"container\">\n\t\t\t\t\t<div class=\"e-con-inner\">\n\t\t\t\t<div class=\"elementor-element elementor-element-7746125 elementor-invisible elementor-widget elementor-widget-heading\" data-id=\"7746125\" data-element_type=\"widget\" data-settings=\"{&quot;_animation&quot;:&quot;fadeInUp&quot;}\" data-widget_type=\"heading.default\">\n\t\t\t\t\t<h1 class=\"elementor-heading-title elementor-size-default\">Seguro de Previsional<\/h1>\t\t\t\t<\/div>\n\t\t\t\t\t<\/div>\n\t\t\t\t<\/div>\n\t\t<div class=\"elementor-element elementor-element-869968b e-flex e-con-boxed e-con e-parent\" data-id=\"869968b\" data-element_type=\"container\">\n\t\t\t\t\t<div class=\"e-con-inner\">\n\t\t\t\t<div class=\"elementor-element elementor-element-5a64337 elementor-widget elementor-widget-html\" data-id=\"5a64337\" data-element_type=\"widget\" data-settings=\"{&quot;_animation&quot;:&quot;none&quot;}\" data-widget_type=\"html.default\">\n\t\t\t\t\t<div style=\"overflow-x: auto;\">\n  <table style=\"width: 100%; font-family: parrafo, sans-serif; text-align: center; font-size:15px; font-weight:600;\">\n\n    <!-- Fila vac\u00eda arriba de GlobalAccidentes -->\n    <tr><\/tr>\n\n    <!-- GlobalAccidentes -->\n    <tr>\n      <td style=\"width: 15%; background-color: white;\"><\/td>\n      <td style=\"background-color: #8b5f48; color: white; padding: 20px; font-weight: bold;\">\n        <div style=\"font-size: 18px;\">Global<strong style=\"font-weight:400\"> Previsional de Invalidez y Sobrevivencia<\/strong><\/div>\n      <\/td>\n    <\/tr>\n\n<!-- \u00bfQu\u00e9 es? -->\n    <tr>\n      <td style=\"background-color: #8b5f48; padding: 15px;\">\n        <div>\n          <i class=\"fas fa-address-book\" style=\"font-size: 36px; color: white;\"><\/i>\n          <div style=\"margin-top: 8px; color: white;\">\u00bfQu\u00e9 es?<\/div>\n        <\/div>\n      <\/td>\n      <td style=\"background-color: #e8dfdb; padding: 15px;color: #563626\">\n        Este es un seguro contratado por las Administradoras de Fondos de Pensiones (AFPs) con una entidad aseguradora, para cubrir a sus afiliados garantizando el reconocimiento y pago de una pensi\u00f3n en caso de invalidez o a sus beneficiarios en caso de muerte, siempre y cuando \u00e9stas circunstancias sean resultado de origen com\u00fan y no laboral por:<br><br>\n\n\u2022 Una Enfermedad \u2022 Un Accidente\n<br><br>\nDe igual forma garantiza el pago de la incapacidad temporal entendida como la prestaci\u00f3n econ\u00f3mica que trata de cubrir la falta de ingresos que se produce cuando el trabajador tiene la imposibilidad temporal de trabajar una vez superado el periodo de incapacidad cubierto por la EPS en los t\u00e9rminos que define la ley.\n      <\/td>\n    <\/tr>\n\n    <!-- \u00bfPara qui\u00e9n? -->\n    <tr>\n      <td style=\"background-color: #8b5f48; padding: 15px;\">\n        <div>\n          <i class=\"fas fa-users\" style=\"font-size: 36px; color: white;\"><\/i>\n          <div style=\"margin-top: 8px; color: white;\">\u00bfPara qui\u00e9n?<\/div>\n        <\/div>\n      <\/td>\n      <td style=\"background-color: #e8dfdb; padding: 15px;color: #563626\">\n        Toda persona mayor de edad que realice aportes a un fondo de pensi\u00f3n obligatoria.\n      <\/td>\n    <\/tr>\n\n    <!-- Cobertura -->\n    <tr>\n      <td style=\"background-color: #8b5f48; padding: 15px;\">\n        <div>\n          <i class=\"fas fa-hands\" style=\"font-size: 36px; color: white;\"><\/i>\n          <div style=\"margin-top: 8px; color: white;\">Cobertura<\/div>\n        <\/div>\n      <\/td>\n      <td style=\"background-color: #e8dfdb; padding: 15px; color: #563626\">\n       Cobertura por riesgo com\u00fan:<br>\n\n\u2022 Pensi\u00f3n de Invalidez<br>\n\u2022 Pensi\u00f3n de Sobrevivencia<br>\n\u2022 Subsidio de Auxilio Funerario<br>\n\u2022 Incapacidad Temporal\n      <\/td>\n    <\/tr>\n\n    <!-- Beneficios -->\n    <tr>\n      <td style=\"background-color: #8b5f48; padding: 15px;\">\n        <div>\n          <i class=\"fas fa-check-circle\" style=\"font-size: 36px; color: white;\"><\/i>\n          <div style=\"margin-top: 8px; color: white;\">Beneficios Adicionales<\/div>\n        <\/div>\n      <\/td>\n      <td style=\"background-color: #e8dfdb; padding: 15px;color: #563626\">\n        La persona que compruebe haber sufragado los gastos de entierro de un afiliado cubierto bajo el Seguro Previsional, tendr\u00e1 derecho a recibir un auxilio funerario.\n      <\/td>\n    <\/tr>\n    \n    <!-- Clausulado -->\n    <tr>\n      <td style=\"background-color: #8b5f48; padding: 15px;\">\n        \n      <\/td>\n      <td style=\"background-color: #e8dfdb; padding: 20px; color: #05328a\">\n        <a href=\"https:\/\/cdn.globalseguroscolombia.com\/public\/2025\/07\/poliza-previsional.pdf\" style=\"color: #002b61; text-decoration: underline; display: block; margin-bottom: 8px;\">\n          Ver Clausulado\n        <\/a>\n      <\/td>\n    <\/tr>\n\n  <\/table>\n<\/div>\n\n\t\t\t\t<\/div>\n\t\t\t\t\t<\/div>\n\t\t\t\t<\/div>\n\t\t<div class=\"elementor-element elementor-element-47762d4 e-flex e-con-boxed e-con e-parent\" data-id=\"47762d4\" data-element_type=\"container\" data-settings=\"{&quot;background_background&quot;:&quot;classic&quot;}\">\n\t\t\t\t\t<div class=\"e-con-inner\">\n\t\t\t\t<div class=\"elementor-element elementor-element-fb4cb27 elementor-view-stacked elementor-shape-circle elementor-widget elementor-widget-icon\" data-id=\"fb4cb27\" data-element_type=\"widget\" data-widget_type=\"icon.default\">\n\t\t\t\t\t\t\t<div class=\"elementor-icon-wrapper\">\n\t\t\t<a class=\"elementor-icon elementor-animation-pulse\" href=\"#footer\">\n\t\t\t<svg aria-hidden=\"true\" class=\"e-font-icon-svg e-fas-chevron-down\" viewBox=\"0 0 448 512\" xmlns=\"http:\/\/www.w3.org\/2000\/svg\"><path d=\"M207.029 381.476L12.686 187.132c-9.373-9.373-9.373-24.569 0-33.941l22.667-22.667c9.357-9.357 24.522-9.375 33.901-.04L224 284.505l154.745-154.021c9.379-9.335 24.544-9.317 33.901.04l22.667 22.667c9.373 9.373 9.373 24.569 0 33.941L240.971 381.476c-9.373 9.372-24.569 9.372-33.942 0z\"><\/path><\/svg>\t\t\t<\/a>\n\t\t<\/div>\n\t\t\t\t\t\t<\/div>\n\t\t\t\t\t<\/div>\n\t\t\t\t<\/div>\n\t\t\t\t<\/div>\n\t\t","protected":false},"excerpt":{"rendered":"<p>Seguro Previsional de Invalidez y Supervivencia Un respaldo pensado para brindar protecci\u00f3n frente a situaciones de invalidez y sobrevivencia, con el acompa\u00f1amiento de una compa\u00f1\u00eda especializada. Conocer m\u00e1s Seguro de Previsional Global Previsional de Invalidez y Sobrevivencia \u00bfQu\u00e9 es? Este es un seguro contratado por las Administradoras de Fondos de Pensiones (AFPs) con una entidad [&hellip;]<\/p>\n","protected":false},"author":1,"featured_media":0,"parent":0,"menu_order":0,"comment_status":"closed","ping_status":"closed","template":"","meta":{"footnotes":""},"class_list":["post-1512","page","type-page","status-publish","hentry"],"acf":[],"_links":{"self":[{"href":"https:\/\/gs-app-sitiosweb-wordpress.azurewebsites.net\/wordpress\/wp-json\/wp\/v2\/pages\/1512","targetHints":{"allow":["GET"]}}],"collection":[{"href":"https:\/\/gs-app-sitiosweb-wordpress.azurewebsites.net\/wordpress\/wp-json\/wp\/v2\/pages"}],"about":[{"href":"https:\/\/gs-app-sitiosweb-wordpress.azurewebsites.net\/wordpress\/wp-json\/wp\/v2\/types\/page"}],"author":[{"embeddable":true,"href":"https:\/\/gs-app-sitiosweb-wordpress.azurewebsites.net\/wordpress\/wp-json\/wp\/v2\/users\/1"}],"replies":[{"embeddable":true,"href":"https:\/\/gs-app-sitiosweb-wordpress.azurewebsites.net\/wordpress\/wp-json\/wp\/v2\/comments?post=1512"}],"version-history":[{"count":4,"href":"https:\/\/gs-app-sitiosweb-wordpress.azurewebsites.net\/wordpress\/wp-json\/wp\/v2\/pages\/1512\/revisions"}],"predecessor-version":[{"id":5061,"href":"https:\/\/gs-app-sitiosweb-wordpress.azurewebsites.net\/wordpress\/wp-json\/wp\/v2\/pages\/1512\/revisions\/5061"}],"wp:attachment":[{"href":"https:\/\/gs-app-sitiosweb-wordpress.azurewebsites.net\/wordpress\/wp-json\/wp\/v2\/media?parent=1512"}],"curies":[{"name":"wp","href":"https:\/\/api.w.org\/{rel}","templated":true}]}}